 digit of 36421174?
7
What is the millions digit of 1008371714?
8
What is the hundred millions digit of 224175201?
2
What is the ten millions digit of 21535228?
2
What is the ten thousands digit of 2742536986?
3
What is the hundred thousands digit of 1536550?
5
What is the hundred millions digit of 132304395?
1
What is the units digit of 387330708?
8
What is the millions digit of 86710328?
6
What is the ten thousands digit of 7137024500?
2
What is the ten millions digit of 38915499?
3
What is the ten millions digit of 58651819?
5
What is the tens digit of 171295971?
7
What is the ten thousands digit of 231681624?
8
What is the tens digit of 145518990?
9
What is the hundred millions digit of 138068112?
1
What is the millions digit of 90436476?
0
What is the hundred thousands digit of 336285558?
2
What is the hundred millions digit of 654589501?
6
What is the tens digit of 41748800?
0
What is the thousands digit of 45815554?
5
What is the hundred thousands digit of 3795863456?
8
What is the millions digit of 86372509?
6
What is the ten thousands digit of 45229839?
2
What is the ten thousands digit of 21471980?
7
What is the thousands digit of 42108612?
8
What is the hundred millions digit of 148433379?
1
What is the hundreds digit of 604026054?
0
What is the ten millions digit of 147487138?
4
What is the tens digit of 16591623?
2
What is the thousands digit of 90595505?
5
What is the ten millions digit of 39373089?
3
What is the hundred millions digit of 101778036?
1
What is the tens digit of 1982293702?
0
What is the millions digit of 47059442?
7
What is the ten thousands digit of 2061845852?
4
What is the ten thousands digit of 993252773?
5
What is the ten millions digit of 1029959673?
2
What is the hundred thousands digit of 3232214155?
2
What is the hundred thousands digit of 5769885?
7
What is the hundred thousands digit of 113410308?
4
What is the tens digit of 158699?
9
What is the billions digit of 1752640792?
1
What is the hundred thousands digit of 690033338?
0
What is the units digit of 5115669367?
7
What is the hundreds digit of 688028853?
8
What is the hundred millions digit of 1651346831?
6
What is the units digit of 2510428566?
6
What is the hundred millions digit of 1194094720?
1
What is the thousands digit of 323841677?
1
What is the tens digit of 45680795?
9
What is the thousands digit of 64446941?
6
What is the millions digit of 434967802?
4
What is the hundreds digit of 976486100?
1
What is the ten thousands digit of 299045951?
4
What is the ten millions digit of 1019080098?
1
What is the hundreds digit of 420987090?
0
What is the hundreds digit of 559945705?
7
What is the units digit of 102745528?
8
What is the thousands digit of 60911846?
1
What is the billions digit of 4302804983?
4
What is the millions digit of 4989289520?
9
What is the billions digit of 2335695447?
2
What is the hundreds digit of 507608450?
4
What is the ten thousands digit of 83626879?
2
What is the thousands digit of 78016843?
6
What is the hundreds digit of 62700400?
4
What is the hundred thousands digit of 22458590?
4
What is the thousands digit of 962547802?
7
What is the millions digit of 178459652?
8
What is the units digit of 84134501?
1
What is the ten millions digit of 275340681?
7
What is the thousands digit of 1678888498?
8
What is the hundred thousands digit of 580392817?
3
What is the ten millions digit of 340895942?
4
What is the tens digit of 399470292?
9
What is the units digit of 752012414?
4
What is the hundred thousands digit of 37126670?
1
What is the ten thousands digit of 2353249390?
4
What is the units digit of 989396785?
5
What is the hundreds digit of 320662650?
6
What is the hundred millions digit of 149505410?
1
What is the thousands digit of 430644170?
4
What is the hundred thousands digit of 140582010?
5
What is the hundreds digit of 308471025?
0
What is the billions digit of 7023053959?
7
What is the billions digit of 4077843007?
4
What is the thousands digit of 857629125?
9
What is the hundreds digit of 174214114?
1
What is the hundreds digit of 1360212410?
4
What is the millions digit of 617769130?
7
What is the units digit of 6923969037?
7
What is the thousands digit of 202056959?
6
What is the ten thousands digit of 5437089806?
8
What is the ten millions digit of 41349734?
4
What is the units digit of 711443272?
2
What is the thousands digit of 3949538?
9
What is the hundred thousands digit of 100437369?
4
What is the units digit of 2400682641?
1
What is the units digit of 12985210?
0
What is the tens digit of 194354323?
2
What is the thousands digit of 252818734?
8
What is the tens digit of 5329542575?
7
What is the ten millions digit of 37442041?
3
What is the millions digit of 779293519?
9
What is the millions digit of 591641417?
1
What is the ten millions digit of 5089246174?
8
What is the hundred millions digit of 124157931?
1
What is the tens digit of 1221052436?
3
What is the units digit of 2459688559?
9
What is the units digit of 19836169?
9
What is the hundred millions digit of 656611997?
6
What is the hundreds digit of 1895329693?
6
What is the hundreds digit of 43268224?
2
What is the thousands digit of 1705131471?
1
What is the ten millions digit of 709144888?
0
What is the tens digit of 582039472?
7
What is the units digit of 3921677658?
8
What is the ten thousands digit of 143634909?
3
What is the ten thousands digit of 110988130?
8
What is the units digit of 562605921?
1
What is the tens digit of 24604340?
4
What is the hundred millions digit of 3063549454?
0
What is the ten millions digit of 40671060?
4
What is the units digit of 2205287608?
8
What is the ten thousands digit of 134339536?
3
What is the millions digit of 2672074064?
2
What is the units digit of 4001019859?
9
What is the millions digit of 475276022?
5
What is the hundred millions digit of 1006127847?
0
What is the hundreds digit of 736843126?
1
What is the millions digit of 253220310?
3
What is the units digit of 843812951?
1
What is the thousands digit of 8374632173?
2
What is the tens digit of 682903436?
3
What is the millions digit of 6606597536?
6
What is the hundred thousands digit of 905411?
9
What is the ten thousands digit of 1857049714?
4
What is the units digit of 49310484?
4
What is the tens digit of 35643182?
8
What is the units digit of 6088155?
5
What is the ten millions digit of 205933888?
0
What is the units digit of 65011255?
5
What is the tens digit of 1539785575?
7
What is the billions digit of 2385749533?
2
What is the units digit of 1589963985?
5
What is the ten thousands digit of 321579911?
7
What is the tens digit of 2885063226?
2
What is the ten thousands digit of 501793350?
9
What is the millions digit of 330095882?
0
What is the ten millions digit of 142139442?
4
What is the units digit of 95889320?
0
What is the tens digit of 8595786619?
1
What is the hundred thousands digit of 3654620?
6
What is the thousands digit of 3515111328?
1
What is the hundred thousands digit of 111504542?
5
What is the thousands digit of 439872367?
2
What is the ten thousands digit of 37834909?
3
What is the hundreds digit of 9410197?
1
What is the thousands digit of 1533130?
3
What is the hundreds digit of 43252764?
7
What is the thousands digit of 1979549896?
9
What is the hundred millions digit of 2810042151?
8
What is the hundreds digit of 132073156?
1
What is the millions digit of 274429688?
4
What is the hundred thousands digit of 461945458?
9
What is the hundred thousands digit of 151790149?
7
What is the millions digit of 181055794?
1
What is the hundreds digit of 61557937?
9
What is the millions digit of 2840114217?
0
What is the hundreds digit of 627992702?
7
What is the tens digit of 32899933?
3
What is the thousands digit of 905300330?
0
What is the ten millions digit of 3854911831?
5
What is the thousands digit of 99003445?
3
What is the tens digit of 44431479?
7
What is the thousands digit of 1181946835?
6
What is the units digit of 430699158?
8
What is the hundred thousands digit of 416985392?
9
What is the units digit of 51802040?
0
What is the ten thousands digit of 140118302?
1
What is the ten millions digit of 279497008?
7
What is the tens digit of 414841585?
8
What is the hundred thousands digit of 23873479?
8
W